= -467247 - -467337. Calculate the highest common factor of q and p.
45
Suppose -91*t - 27*t + 8260 = 0. Let l = -30 - -114. What is the greatest common factor of t and l?
14
Let q(n) = n**2 + 4*n - 8. Let k be q(0). Let j be 24/64 + (-1125)/k. What is the highest common factor of j and 188?
47
Suppose -f = p - 4*p - 4142, 2*p + 6 = 0. Suppose -44*s = -f - 7571. What is the highest common factor of s and 95?
19
Let b = 31323 - 31171. Calculate the highest common factor of b and 12882.
38
Let h be 646/8 + (-1)/(-4) + -1. Suppose 2*o - h = -8*o. Let n(u) = u**3 - 8*u**2 + 5*u - 7. Let w be n(o). Calculate the highest common factor of w and 231.
33
Suppose 0 = 2*h - 4, -5*c + c - 5*h + 930 = 0. Suppose c = -p + 280. Suppose 0 = -3*d + 6*d - 30. What is the highest common factor of d and p?
10
Let l = -36240 + 36267. Let i be ((-2)/(-5))/(2/180). What is the highest common divisor of i and l?
9
Let l = 142 + -99. Suppose 4*y = -16, -7*y = 4*r - 3*y - 500. What is the highest common divisor of l and r?
43
Let h be (88/(-99) - (-2)/(-18)) + 7. Let f be (0 + 1)/((-4)/(-92)) - 2. What is the greatest common factor of h and f?
3
Let v be -37 + (-5278)/(-143) + 3700/44. Let l be ((-4)/(-3))/((-2)/(-168)). What is the highest common factor of l and v?
28
Let f(g) = -2*g**2 - 48*g + 28. Suppose 0 = -3*h + i - 67, -3*h = -20*i + 24*i + 77. Let u be f(h). Calculate the highest common factor of 592 and u.
74
Let f = 3180 + -3089. Calculate the greatest common divisor of f and 715.
13
Let n = -7 - -14. Let p be -5 + 0 - 4/(-3)*(-2970)/(-396). What is the greatest common divisor of p and n?
1
Let p be -50*(68/8 + -2). Let m be p/(-3) + (-7)/21. Suppose -3*i - 45 = -3*a, -9*a + 13*a = 2*i + 54. What is the highest common divisor of m and a?
12
Let u(z) = -z**3 + 89*z**2 - 652*z + 33. Let x be u(8). Suppose 3*d - 98 + 17 = 0. Calculate the highest common divisor of d and x.
1
Let f be (6/8)/(3/22984). Calculate the greatest common factor of 1352 and f.
338
Let y(a) = -37*a + 16*a + 19 + 7*a - 21. Suppose -2*v + 5*p = -20 - 3, p = -5. Let w be y(v). What is the greatest common factor of w and 6?
6
Suppose -66 = -4*j + c - 2*c, -74 = -4*j - 5*c. Let p = -1441 + 4097. Suppose 13*v = p - 784. Calculate the highest common divisor of j and v.
16
Suppose -357*s - 80 = -3*j - 361*s, 27 = 5*j - 3*s. Suppose -108 = -3*p + 48. Calculate the highest common divisor of p and j.
4
Let r(h) = 34*h**3 + 4*h**2 - 2*h - 1. Let c be r(1). Suppose -c*l = -1470 - 210. Calculate the greatest common factor of 168 and l.
24
Let c(j) = 514 + 23*j + 20*j**2 - 1112 + 522. Let t be c(4). What is the highest common factor of 144 and t?
48
Suppose -2*w + 32 = 3*s, 3*w + 0*w - 34 = -s. What is the highest common factor of 410 and w?
10
Suppose -r = 4*a - 3, -3*r + 6*r + 2*a = 9. Suppose 5 = r*j - 10. Let f be 40/j + 8/(-4). Calculate the highest common factor of f and 54.
6
Suppose -2*n = 3*s - 43, -2*s - 93 = -3*n + 3*s. Suppose 5*a + 1092 = n*a. Calculate the highest common divisor of a and 988.
52
Let y(f) = 3*f**2 + 10*f + 6. Let q be y(-5). Let r = q + -28. Suppose a = -r*t + 39, -2*a - 7*t + 45 = -12*t. What is the highest common factor of 6 and a?
6
Suppose 31*f - 240 = -89*f. Let h = 20 + -11. Calculate the highest common factor of f and h.
1
Let u(b) = 31*b**2 - b + 2. Let p be u(1). Suppose 34 = p*k + 2. What is the greatest common divisor of 1 and k?
1
Let q be (-4 - 44)*(-51)/12. Let x be -10*q/(-8) - (-1)/1. What is the highest common divisor of 8 and x?
8
Let y(d) = -4*d**3 - 15*d**2 - 5*d. Let t be y(-4). Let g = 22 + 5. Suppose -24*n + g*n - t = 0. What is the greatest common factor of 16 and n?
4
Let n(z) = 119*z**2 + 54*z + 19. Let a be n(-3). What is the greatest common divisor of a and 2204?
116
Suppose -o - 1 - 4 = 4*i, 1 = -3*i + 2*o. Let t = -813 - -808. Let w be 6 - t - (i + 2). What is the greatest common factor of 4 and w?
2
Suppose -91 = 7*h + 7. Let o be (120/(-16) - -1)*h. Calculate the greatest common divisor of o and 364.
91
Suppose 16*s + 123308 = -36852. Let h be (-7)/1 + s/(-55). Calculate the highest common divisor of 75 and h.
25
Let i be (-150)/(-250)*(-2780)/(-2). Let h = 899 - i. What is the greatest common factor of h and 65?
65
Suppose 4*d = 13 - 1. Suppose 42 = 4*j - d*q, 0 = q + 1 + 1. Suppose 5*a = -2*i + 13, -4*a + 24 = 4*i + i. What is the greatest common factor of j and a?
1
Suppose -v + 2*t = -2922, 5*t = v + 812 - 3746. Calculate the highest common divisor of 94 and v.
94
Suppose 274*i - 271*i + 2*d = 1285, 5*d + 1292 = 3*i. Let w be (-40)/(-1) - (-3 - -4). What is the greatest common factor of i and w?
39
Let x be 3/(-2)*16/(-6). Suppose -168 = x*a - 7*a. Let l = -188 - -216. What is the highest common divisor of l and a?
28
Let u be (13 - (-17916)/48)/((-3)/(-4)). Calculate the greatest common factor of u and 1648.
103
Suppose -2*v + 5*b - b - 32 = 0, 0 = -5*v + 4*b - 50. Let f = v + 3. Let i be 15/5 - (-660 - f). What is the greatest common factor of i and 60?
60
Suppose 2*c + c - 5*o - 835 = 0, -2*c - o + 548 = 0. Suppose 28800 = 1405*q - 253*q. What is the highest common divisor of q and c?
25
Suppose -13*l + 3*l + 20*l = 1920. Calculate the highest common divisor of 18 and l.
6
Let f = 11405 + -11255. Calculate the highest common factor of 18075 and f.
75
Let b = -235 + 906. What is the highest common factor of 3904 and b?
61
Suppose 0 = -13*u + 86227 - 1207. Calculate the highest common factor of u and 30.
30
Suppose -5*t - 5*x + 175 = 0, -49 = -3*t + 21*x - 16*x. What is the greatest common divisor of t and 6020?
28
Suppose 276*d - 6819 = 2643 + 1302. Calculate the greatest common divisor of 23335 and d.
13
Let t(f) = -f**2 - 10*f + 71. Let a be t(0). Calculate the highest common divisor of a and 6319.
71
Let q = 7569 + -7228. What is the highest common divisor of q and 66?
11
Suppose 0 = -5*k - 0 - 10. Suppose -348*f + 40 = -356*f. Let i be (3 + k)/(f/(-640)). What is the highest common divisor of i and 16?
16
Suppose -19*o = -16*o + 4*p - 35316, 3*p = -10*o + 117751. What is the greatest common factor of o and 138?
46
Let g(x) = 2*x - 108. Let f(v) = 5*v - 216. Let u(j) = 6*f(j) - 13*g(j). Let o be u(-24). What is the greatest common factor of o and 384?
12
Let j(a) = -2*a**3 - 2*a**2 - 3*a. Let b be j(-4). Let g(x) = x**3 + 20*x**2 + 1049. Let c be g(-22). Calculate the greatest common divisor of b and c.
27
Let i be (25/(-20))/5 - (-21)/4. Let f be (i - 6 - 63)/(2/(-17)). What is the highest common divisor of 34 and f?
34
Let g be 252/30 - (-6)/(-15). Suppose 5*x - 203 = -3*w, 146 = 3*x - 4*w + 30. What is the greatest common divisor of x and g?
8
Suppose 4*o - 401 = 355. Suppose -4*g + 6*g + 198 = 24*g. Calculate the greatest common factor of g and o.
9
Let n be -56*((-95)/(-35) + -3). Suppose 246 = n*i - 474. Calculate the greatest common factor of i and 405.
45
Let l = 10085 + -9877. Calculate the highest common factor of 448 and l.
16
Suppose 111*b + 2*d - 156 = 106*b, -d - 20 = -b. Calculate the highest common divisor of 2401 and b.
7
Suppose v + 82 = 7*r, 0 = r - 4*v - 38 + 7. Let i(a) = -a**3 + 4*a**2 - 3*a + 3. Let g be i(3). What is the highest common divisor of g and r?
1
Let h(m) = m**2 + 11*m + 15. Let f be h(-10). Suppose -3*i + 7*l = 2*l - 267, -5*i + f*l + 435 = 0. What is the greatest common divisor of i and 21?
21
Let c be -6 - (-3 - 15/(-6))*362. What is the greatest common divisor of c and 21?
7
Suppose 13*v = 11*v - 2, -35 = -5*z + 5*v. Suppose z*y - 58 = 140. Calculate the greatest common divisor of 462 and y.
33
Let h(m) = -m**2 + 10*m - 14. Let l be h(2). Let j be (372/15)/l + 4/(-10). What is the highest common divisor of 4 and j?
4
Suppose 0 = 8*t + t + 72. Let h(r) = r + 51. Let c be h(t). What is the greatest common divisor of c and 731?
43
Let a be ((-369)/(-2) - -3)*64/6. What is the highest common factor of 16 and a?
16
Let y(t) = -71*t + 749. Let w be y(10). What is the greatest common divisor of 321 and w?
3
Let z(x) = x + 217. Let p be z(19). Suppose -83 + p = 17*r. Let h = 2 - 1. Calculate the greatest common factor of h and r.
1
Let r be 4 + 30/6 + -4. Suppose 0 = -r*q - 2*w + 331, -8*w = -2*q - 9*w + 133. Calculate the greatest common factor of 39 and q.
13
Let b(q) = -3*q**3 - 46*q**2 + 25*q 